t u(f) = f + 17. Let v be u(-14). Let p(b) = 5 + b**3 - 2 + 3*b**2 + 5*b + 2*b**v - 4*b**3. Suppose -15 = 5*w - 35. Determine p(w).
7
Let t(k) = -k**3 + 10*k**2 + 11*k - 2. Let x be t(11). Let o be -2 - x/(2/7). Let i(p) = -p - 2*p**2 + p**2 + p**3 - 4*p**2. What is i(o)?
-5
Let c(l) = l + 8. Suppose -3*s = -4*g + 19, -s - g + 16 = -4*s. Give c(s).
3
Let b = 589/6 + -98. Let j(s) be the second derivative of -5*s - 1/20*s**5 + 2*s**2 + 0 - b*s**4 + 2/3*s**3. Give j(-3).
1
Suppose -4 = 4*s + 4. Let x(w) = -w**3 - 3*w**2 - 2*w + 1. What is x(s)?
1
Let g(y) = y**3 - 9*y**2 + 7*y + 7. Suppose 0 = 3*v - 34 + 10. Calculate g(v).
-1
Let l(z) = -z - 2*z**3 + 3*z**3 - 3 - 3*z**2 + 0. Let k be (6 + -13)*(11/7 + -2). Determine l(k).
-6
Let h(j) be the third derivative of j**7/720 - j**5/30 + 3*j**2. Let t(i) be the third derivative of h(i). Give t(1).
7
Let j be 1 + -1 + (-21)/(-7). Let u(h) be the first derivative of 1/2*h**2 + j*h - 2. Determine u(-5).
-2
Let b(h) = -4 + 5 + 4 + 2*h - 4 - h**2. Let n be b(2). Let y(q) = 8*q**3 + 3*q**2 + 2*q - 1. Let u(c) = c**3 + c**2 + c. Let z(s) = 2*u(s) - y(s). Give z(n).
-6
Suppose 3*h - c - 3*c + 19 = 0, -h + c = 5. Let z(f) = 4*f + 6. Let j(t) = -t - 1. Let a(q) = 6*j(q) + z(q). Determine a(h).
2
Let r(q) = -513*q**3 + 0*q + 3 + 514*q**3 - 10*q**2 - q. Calculate r(10).
-7
Let o(r) = -2*r + 5*r + 4 - 2. Suppose -5*j + 5 + 5 = 0. Suppose -2*x = 2*y, -y - 2*x = j*x - 6. Give o(y).
-4
Let a(r) = -17*r**3 + r**2. Let b(x) = 69*x**3 - 5*x**2. Let y(m) = -9*a(m) - 2*b(m). Calculate y(1).
16
Let n(k) = -k - 8. Let l be n(-6). Let c(s) be the second derivative of 3*s + 0*s**2 + 1/12*s**4 + 0*s**3 + 0. Determine c(l).
4
Let q(o) = -3*o. Let k be 0/2 - (2 + -3). Let d be ((-2)/(-3))/(k/3). Calculate q(d).
-6
Let l(c) be the first derivative of -c**4/4 - 7*c**3/3 - 7*c**2/2 - 8*c - 8. Calculate l(-6).
-2
Let d be 3/(-4)*1*-4. Let j(w) be the first derivative of -w**6/120 + w**5/20 - 2*w**3/3 + 3*w**2 + 1. Let l(s) be the second derivative of j(s). What is l(d)?
-4
Let v be (1 + -3)/(-2)*5. Let t(d) = 1 - 1 + 0 - 6 - d. Give t(v).
-11
Let p(h) be the first derivative of h**4/4 - 5*h**3/3 + 5*h**2/2 - 2*h + 6. Let z be p(4). Let g(l) = -2*l - 2. Determine g(z).
-6
Suppose -v = v. Suppose v = -b - 0*b. Let s(n) = -7*n - 8. Let j(y) = y + 1. Let a(o) = -6*j(o) - s(o). Calculate a(b).
2
Let q(f) = -8 - 8*f + 5*f + 2*f. Calculate q(-6).
-2
Let x be (7 - 7)/(1 + 0). Let f be 1/(-2)*-8*1. Let o(z) = 3*z - f - 2*z + 2. What is o(x)?
-2
Let f(x) = -17*x + 9. Suppose 0 = 3*i - 2*i + 2. Let q(p) = -4*p + 2. Let k(z) = i*f(z) + 9*q(z). What is k(3)?
-6
Let h = 19 - 19. Let n(v) = h*v**3 + 3 - 6*v**2 - 3*v + 4*v**2 + v**3. Give n(2).
-3
Let m(s) = -17 - 2*s + 24 - 4*s - s**2. Calculate m(-7).
0
Let c(u) = u**3 + 3*u**2 - 2*u. Let d(v) = -v**3 + 3*v**2 + v + 3. Let t be d(3). Let s = -4 + t. Let i be 0/5 - s*2. Give c(i).
-8
Let l(m) = m**3 - m**2 - m. Let x(i) = 7*i**3 - 10*i**2 - 10*i - 7. Let y(z) = 6*l(z) - x(z). Calculate y(5).
2
Let j(z) = -z**3. Let n(x) = -7*x**3 - 6*x**2 + 2. Let b(v) = 6*j(v) - n(v). Calculate b(-6).
-2
Let c = 20 + -13. Let x(q) = -c + 2 - q + 7. What is x(3)?
-1
Let u(t) = 2*t - 2. Let n(v) = -3*v + 3. Let s(b) = -3*n(b) - 4*u(b). Let i be s(7). Let g(l) = -l**2 + 5*l + 4. Determine g(i).
-2
Let q(m) be the first derivative of m**4/24 + m**3/2 - 3*m**2/2 + 1. Let n(j) be the second derivative of q(j). Give n(5).
8
Let l(o) be the second derivative of o**7/840 - o**6/90 + o**5/60 - o**4/8 - 5*o**3/6 + 7*o. Let r(q) be the second derivative of l(q). Give r(2).
-7
Let v = -8 - -21. Let t(d) = -v + 13 + d. Give t(1).
1
Suppose -w - 4 = 4*i, -2*i - i + 6 = 3*w. Let x = 4 + i. Suppose -x*y + 5*y = 5*b - 19, b + 4*y = 13. Let t(j) = -j**2 + 7*j - 4. Determine t(b).
6
Let a(s) = 19*s**3 + 5*s**2 + 4*s + 3. Let w(u) = 19*u**3 + 4*u**2 + 3*u + 2. Let c(m) = -2*a(m) + 3*w(m). Calculate c(-1).
-18
Let t(d) = d - 1. Let g(r) = r**2 + 2*r + 1. Let o be g(-11). Let n be o/36 - (-4)/18. Give t(n).
2
Let b(l) = -l**3 + l**2 - 1. Suppose -3*v = -8*v - 5. Determine b(v).
1
Let n be (6/5)/(8/(-20)). Let b(a) = -4 + 4*a**2 - 3*a + a**3 + 5*a + 1. Calculate b(n).
0
Suppose -3*c = -0*c - 9. Let z = c + -7. Let d(l) = -6*l - 7 + 5*l - 2. What is d(z)?
-5
Let i be 8/(-10)*6/(36/(-15)). Let f(a) = a**2 + a - 1. Give f(i).
5
Let i(o) = -o + 11. Let r be i(8). Suppose -24 = 3*s + r*g, 2*s - 2 = 4*g + 6. Let x(d) = d**3 + 3*d**2 - 2*d + 3. Give x(s).
-5
Suppose 21 = 2*r - r - 5*d, -4*r - 1 = -3*d. Let j(g) = -55 - 3*g - 63 + 113. Give j(r).
7
Let q(x) = 5*x - 3. Let i(p) = -4*p + 2. Let j(s) = 4*i(s) + 3*q(s). Let r be 99/(-21) - (-10)/(-35). Determine j(r).
4
Suppose -9*f + 5 = -8*f. Suppose -f*j - 46 = -16. Let k(s) = -s**3 - 7*s**2 - 6*s + 8. Give k(j).
8
Let b(k) = 9*k**3 + 1. Suppose 0 = -5*g + 5*c + 50, -4*c - 25 = -0*g - g. Let r(s) = 2*s - 8. Let j be r(6). Let u = j - g. Give b(u).
-8
Let p(m) be the second derivative of -m**3/6 - 3*m**2/2 + m + 3. Determine p(-13).
10
Let s(p) = 2*p - 6. Let a be s(5). Let j = a - 1. Let l(v) = v**2 - 3. Give l(j).
6
Let x(r) = -2*r**3 + 3*r**2 - 3*r + 2. Let d be (-1 - 1) + -1 + 6. Suppose -2 = -d*f + 2*f. Determine x(f).
-8
Suppose 2*y - 8 = -i - i, -2*y = 3*i - 11. Let s(t) = 9*t - 1. Determine s(y).
8
Let p(w) = -3*w**2 - 3*w. Let a = 0 + 8. Let j(n) = n**2 - n. Let r(h) = 4*h**2 - 10*h - 6. Let m(s) = 3*j(s) - r(s). Let y be m(a). Calculate p(y).
-6
Let x(k) = -k**3 + 8*k**2 - 4. Let w(l) = 4*l**3 - 33*l**2 + 18. Let u(p) = -2*w(p) - 9*x(p). Suppose 12 = -0*f + 2*f. Give u(f).
0
Let w(y) = -y**3 - y**2 - 3*y - 1. Let l = 56 + -58. What is w(l)?
9
Let g be -5 - (1 - 2 - -1). Let u(p) be the first derivative of -6 + 8*p + 1/2*p**2. Give u(g).
3
Suppose -2*f = 2*l - 3*f + 1, -29 = -2*l - 5*f. Let s(g) = 2*g - 1. Determine s(l).
3
Let m(c) = c**2 - c**3 + 0*c - 1 + 2*c + 0. Calculate m(2).
-1
Let h(v) = -v**3 - 6*v**2 - 6*v + 2. Suppose -7*o + 35 = -14*o. Determine h(o).
7
Let b(a) = -a - a**2 + 3*a + 3 + 4*a - 3*a. Determine b(5).
-7
Suppose 2*j = 5*j - 9. Suppose -2*o + 4*o - 4 = 0. Let w(p) = o*p**2 - 4*p - 4 - p**3 + 2*p**2 + p. What is w(j)?
-4
Let d = 11 + -7. Suppose -5*y = 2*w - 7 - 2, 3*w + 21 = d*y. Let p(v) be the third derivative of -v**5/60 + v**3/3 - 22*v**2. Calculate p(y).
-7
Let i(x) = 4*x**2 - 12*x + 10. Let n(o) = 3*o**2 - 8*o + 7. Let w = -2 - 3. Let l(m) = w*i(m) + 7*n(m). Calculate l(-4).
-1
Let n(k) = k**2 - 5*k + 3. Suppose -8*h = -3*h - 20. Suppose h = -4*f + 16. What is n(f)?
-3
Suppose 5 = -5*o - 0. Let m(k) = -11*k**2 - 2*k - 1. Calculate m(o).
-10
Let b(y) = y**3 - y**2 - y + 2. Let k = -9 - -3. Let c be (2 + 8/k)*-3. Give b(c).
-8
Let s(o) = -o**3 - 4*o**2 + 6*o - 2. Suppose w = -4 - 1. What is s(w)?
-7
Let x(t) = 20*t**2 - 6*t - 26. Let d(h) = 7*h**2 - 2*h - 9. Let m(v) = -14*d(v) + 5*x(v). Let u = 11 - 8. Calculate m(u).
8
Suppose -m - 6*x - 9 = -2*x, x = -4*m + 24. Let g(t) = m*t - 3*t - 5*t. Give g(-3).
3
Let g(y) = y**3 + 6*y**2 - 4*y + 6. Let o(w) = -w**3 + 15*w**2 + w - 22. Let u be o(15). Calculate g(u).
-15
Let n = -10 - -19. Let y = -9 + n. Suppose -4*z + 12 = u, 5*u = -2*z - y*z + 6. Let s(g) = -2*g + 4. Determine s(z).
-2
Let n = 24 - 18. Let j(v) = -v**3 + 7*v**2 - 6*v + 2. Calculate j(n).
2
Let o(q) = q**3 + 4*q**2 + 3*q - 2. Let p be o(-3). Let a(x) = -x**2 + x + 2. Calculate a(p).
-4
Let h = 5 + -5. Suppose 18 = -h*x - 3*x. Let s(b) = -b + 1. Calculate s(x).
7
Let b(z) = -2*z + 29. Let d be b(16). Let u(v) be the first derivative of -v**3/3 - 3*v**2 - 3*v - 2. Give u(d).
6
Suppose 21 = 3*j - 0*j. Let c(h) = -j*h - 2 + 3*h + 2*h + 4. Give c(-3).
8
Suppose 0*m - 3*m + 9 = 0. Let v = m - 2. Let k be -3*(-12)/(-9)*v. Let o(d) = -d**3 - 4*d**2 - d - 2. Give o(k).
2
Suppose -4 = -4*t - 4*a, t + 0*a - a + 3 = 0. Let z(c) = -c + 1. Let w(n) = n + 4. Let f(s) = t*w(s) + 2*z(s). Calculate f(-2).
4
Suppose -3*f = -x + 4*x, 2*x - 30 = 4*f. Let n(r) = 3*r**3 + x*r**2 - 4*r**2 - r**3 - 2*r. Suppose 2*z + 4*j - 2 = 2, 10 = -3*z + 2*j. Give n(z).
-8
Let z(o) be the third derivative of o**4/24 - 11*o**3/6 - 21*o**2. What is z(8)?
-3
Let b(r) = 5*r**3 + 7*r**2 - 5*r - 1. Let u(i) = -11*i**3 - 15*i**2 + 11*i + 2. Let a(c) = -9*b(c) - 4*u(c). Let f be 2/4 - (-14)/